 1630254.
2, 3, 167, 1627
What are the prime factors of 459492?
2, 3, 11, 59
What are the prime factors of 44114?
2, 7, 23, 137
List the prime factors of 673357.
547, 1231
List the prime factors of 761770.
2, 5, 17, 4481
List the prime factors of 864255.
3, 5, 7, 8231
What are the prime factors of 86700?
2, 3, 5, 17
List the prime factors of 17818737.
3, 17, 349387
What are the prime factors of 222586?
2, 7, 13, 1223
List the prime factors of 174649.
174649
List the prime factors of 7098664.
2, 887333
What are the prime factors of 412126?
2, 11, 13, 131
What are the prime factors of 314699?
7, 11, 61, 67
List the prime factors of 1794633.
3, 53, 11287
What are the prime factors of 34884747?
3, 37, 104759
List the prime factors of 107984.
2, 17, 397
What are the prime factors of 8497880?
2, 5, 212447
List the prime factors of 2280906.
2, 3, 42239
What are the prime factors of 13849101?
3, 7, 17, 67, 193
What are the prime factors of 4960190?
2, 5, 496019
List the prime factors of 15258336.
2, 3, 158941
List the prime factors of 785987.
29, 27103
What are the prime factors of 2426843?
97, 127, 197
What are the prime factors of 798971?
103, 7757
List the prime factors of 27269334.
2, 3, 1514963
List the prime factors of 3556741.
743, 4787
What are the prime factors of 407325?
3, 5, 5431
List the prime factors of 127446.
2, 3, 11, 1931
List the prime factors of 4508813.
113, 39901
What are the prime factors of 12199327?
7, 353, 4937
What are the prime factors of 10757915?
5, 7, 379, 811
List the prime factors of 6549085.
5, 1309817
List the prime factors of 10640293.
10640293
List the prime factors of 679933.
679933
What are the prime factors of 1450920?
2, 3, 5, 107, 113
What are the prime factors of 2117630?
2, 5, 421, 503
What are the prime factors of 2535640?
2, 5, 63391
List the prime factors of 5650324.
2, 17, 83093
List the prime factors of 23956681.
7, 3422383
List the prime factors of 1198409.
71, 16879
List the prime factors of 3448764.
2, 3, 11, 2903
What are the prime factors of 424302?
2, 3, 70717
List the prime factors of 19758696.
2, 3, 103, 7993
List the prime factors of 4000948.
2, 7, 137, 149
List the prime factors of 72271.
72271
List the prime factors of 166700.
2, 5, 1667
List the prime factors of 189570.
2, 3, 5, 71, 89
What are the prime factors of 7982855?
5, 89, 17939
What are the prime factors of 838049?
17, 49297
List the prime factors of 216044.
2, 54011
What are the prime factors of 389630?
2, 5, 47, 829
What are the prime factors of 768975?
3, 5, 10253
List the prime factors of 2903788.
2, 643, 1129
What are the prime factors of 5120463?
3, 1706821
List the prime factors of 21549408.
2, 3, 224473
List the prime factors of 10324587.
3, 7, 13, 59, 641
What are the prime factors of 10149648?
2, 3, 19, 31, 359
List the prime factors of 1189680.
2, 3, 5, 4957
List the prime factors of 25076664.
2, 3, 348287
List the prime factors of 766064.
2, 13, 29, 127
What are the prime factors of 3006853?
881, 3413
List the prime factors of 325046.
2, 162523
List the prime factors of 466491.
3, 131, 1187
What are the prime factors of 155017?
155017
List the prime factors of 314072.
2, 11, 43, 83
List the prime factors of 128504.
2, 16063
What are the prime factors of 97706?
2, 7, 997
List the prime factors of 23708953.
43, 107, 5153
List the prime factors of 200040.
2, 3, 5, 1667
List the prime factors of 161905.
5, 32381
List the prime factors of 8601150.
2, 3, 5, 17, 3373
List the prime factors of 512149.
11, 46559
List the prime factors of 3274336.
2, 13, 17, 463
What are the prime factors of 33061342?
2, 79, 209249
What are the prime factors of 1022794?
2, 53, 9649
What are the prime factors of 516131?
7, 11, 6703
List the prime factors of 3018307.
3018307
What are the prime factors of 227810?
2, 5, 11, 19, 109
List the prime factors of 78481.
13, 6037
List the prime factors of 914222.
2, 331, 1381
What are the prime factors of 301728?
2, 3, 7, 449
What are the prime factors of 11551876?
2, 7, 412567
List the prime factors of 885243.
3, 295081
List the prime factors of 856427.
11, 13, 53, 113
What are the prime factors of 484323?
3, 7, 23063
List the prime factors of 55253.
11, 5023
List the prime factors of 191750.
2, 5, 13, 59
What are the prime factors of 19995781?
13, 1033, 1489
List the prime factors of 2943873.
3, 17, 71, 271
List the prime factors of 20704767.
3, 6901589
What are the prime factors of 6487689?
3, 13, 166351
What are the prime factors of 17798?
2, 11, 809
List the prime factors of 1306601.
1306601
List the prime factors of 16651184.
2, 11, 37, 2557
List the prime factors of 585392.
2, 36587
List the prime factors of 4404820.
2, 5, 7, 73, 431
What are the prime factors of 593837?
23, 25819
What are the prime factors of 2458664?
2, 13, 47, 503
What are the prime factors of 12341385?
3, 5, 7, 29, 193
List the prime factors of 1463343.
3, 7, 17, 4099
List the prime factors of 1819862.
2, 11, 82721
List the prime factors of 1075221.
3, 7, 5689
List the prime factors of 746201.
31, 24071
List the prime factors of 484376.
2, 191, 317
List the prime factors of 3376634.
2, 1688317
What are the prime factors of 27159026?
2, 2659, 5107
What are the prime factors of 4639118?
2, 11, 210869
List the prime factors of 2531714.
2, 1265857
List the prime factors of 14886303.
3, 2053, 2417
List the prime factors of 3888235.
5, 13, 41, 1459
What are the prime factors of 212200?
2, 5, 1061
List the prime factors of 3823124.
2, 955781
List the prime factors of 7469728.
2, 7, 33347
What are the prime factors of 2104149?
3, 701383
List the prime factors of 277632.
2, 3, 241
What are the prime factors of 13612756?
2, 569, 5981
What are the prime factors of 1812395?
5, 13, 27883
List the prime factors of 90877.
19, 4783
What are the prime factors of 397417?
23, 37, 467
List the prime factors of 2035205.
5, 59, 6899
What are the prime factors of 133562?
2, 11, 13, 467
List the prime factors of 869297.
11, 13, 6079
What are the prime factors of 605712?
2, 3, 12619
List the prime factors of 189769.
109, 1741
What are the prime factors of 1057697?
73, 14489
What are the prime factors of 3657293?
3657293
What are the prime factors of 1002097?
673, 1489
What are the prime factors of 289278?
2, 3, 11, 487
What are the prime factors of 1259410?
2, 5, 125941
What are the prime factors of 131082?
2, 3, 7, 3121
List the prime factors of 406441.
7, 31, 1873
List the prime factors of 13809658.
2, 37, 59, 3163
What are the prime factors of 1699189?
19, 89431
What are the prime factors of 288059?
19, 15161
List the prime factors of 380568.
2, 3, 101, 157
What are the prime factors of 374038?
2, 7, 26717
What are the prime factors of 2169537?
3, 83, 8713
What are the prime factors of 147456?
2, 3
What are the prime factors of 6251150?
2, 5, 31, 37, 109
List the prime factors of 1030202.
2, 467, 1103
What are the prime factors of 663237?
3, 73693
What are the prime factors of 2230052?
2, 11, 50683
List the prime factors of 570868.
2, 43, 3319
List the prime factors of 1998208.
2, 67, 233
What are the prime factors of 13645087?
41, 47, 73, 97
List the prime factors of 219210.
2, 3, 5, 7307
What are the prime factors of 615416?
2, 43, 1789
List the prime factors of 13855981.
13855981
List the prime factors of 17862660.
2, 3, 5, 19, 1741
List the prime factors of 9508.
2, 2377
What are the prime factors of 2778440?
2, 5, 7, 9923
List the prime factors of 4178487.
3, 1392829
What are the prime factors of 6291866?
2, 7, 449419
What are the prime factors of 215710?
2, 5, 11, 37, 53
What are the prime factors of 635434?
2, 317717
What are the prime factors of 65372?
2, 59, 277
List the prime factors of 6411774.
2, 3, 1068629
What are the prime factors of 1082324?
2, 37, 71, 103
List the prime factors of 7891561.
373, 21157
What are the prime factors of 117950?
2, 5, 7, 337
What are the prime factors of 1368601?
13, 105277
List the prime factors of 2289821.
71, 32251
List the prime factors of 12258578.
2, 31, 163, 1213
List the prime factors of 198796.
2, 13, 3823
What are the prime factors of 2716469?
7, 388067
List the prime factors of 280345.
5, 13, 19, 227
What are the prime factors of 545743?
11, 49613
List the prime factors of 23346.
2, 3, 1297
Lis